-15 + 20. Suppose -55 = -r - 4*r + 2*u, 33 = 3*r - z*u. What is the remainder when r is divided by f?
5
Let g = 25 - 1. Let l = g + -9. Let h = 6 + -2. What is the remainder when l is divided by h?
3
Suppose -13 - 35 = 4*w. Let f = 4 + w. Let l(q) = -2*q - 10. What is the remainder when l(f) is divided by 4?
2
Suppose v - 4*k - 28 = 0, 4*v + 2*k + 89 - 273 = 0. Suppose -264 - v = -4*f. Calculate the remainder when f is divided by 26.
25
Suppose -210 = -5*y + 70. What is the remainder when 13 is divided by y/12 - (-1)/3?
3
Suppose 3*x = -3*s + 60, 0 + 5 = -5*s. Let q = x + -18. What is the remainder when 6 is divided by q?
0
Suppose -2*q - 24 = -4*q. Calculate the remainder when q is divided by 5.
2
Let u(m) = -m**2 - 29*m + 43. What is the remainder when 142 is divided by u(-30)?
12
Let w = -2 + 0. Let x(t) = -2*t**3 - 4*t**2 - 4*t - 2. Let z be x(w). Suppose 7 = s - z. Calculate the remainder when 38 is divided by s.
12
Let q(b) be the second derivative of -b**5/20 + b**4/3 - b**3/3 + b**2/2 - 8*b. Let z be 1/(-2) + 14/4. What is the remainder when 10 is divided by q(z)?
2
Let u(h) = 2*h**2 - 10*h - 3. Calculate the remainder when 148 is divided by u(7).
23
Suppose 6*s = 2*s + 260. Suppose x - 4*q - 30 = 0, -x = q - 9 - 11. What is the remainder when s is divided by x?
21
Let j = 17 + -12. Suppose j*h - h = 4. What is the remainder when 3 is divided by h?
0
Suppose 4*d - 3*d = 0. Calculate the remainder when 23 + (d - -1) - -2 is divided by 14.
12
Let k(r) = -r**3 + 4*r**2 - 3*r + 1. Let v be k(3). Suppose d - 5 = v. Calculate the remainder when 2/(-3) - (-214)/d is divided by 12.
11
Let o(z) = z**3 + 2*z**2 - 4*z - 5. Calculate the remainder when o(3) is divided by 4.
0
Let m(d) = -d**3 + 8*d**2 - 7*d. What is the remainder when m(6) is divided by (4/5)/(2/40)?
14
Suppose 71 = 2*x + 3. Calculate the remainder when 63 is divided by x.
29
Let u = -58 - -73. Let t(j) = 19*j + 3. Let b be t(7). Suppose b - 4 = 3*r. What is the remainder when r is divided by u?
14
Let n = 65 + 159. Suppose 2*o = -4*j + 178, 2*o - 34 = 4*j - n. Let g = j - 27. What is the remainder when g is divided by 7?
5
Let p(h) = -h + 195. Let m be p(0). Suppose 0 = 3*a + 57 - m. Suppose -3*g - 17 = -2*b, -5*b + 29 = 2*g - 61. What is the remainder when a is divided by b?
14
Suppose -3*r = 3*g - 150, -r + 3*g = r - 110. Calculate the remainder when r is divided by 18.
16
Suppose 3*u - 27 = -9. Let z(c) = c**2 - c - 5. Calculate the remainder when z(-4) is divided by (-3 + u)/(3/8).
7
Suppose 3*z - 10 = 5*c - 66, -c - 3*z + 22 = 0. Calculate the remainder when c is divided by (-15)/(-12)*4*1.
3
Calculate the remainder when 27 is divided by (-8 - -7)/((-2)/20).
7
Let z be (2 - 5)*4/6. Suppose -b + 6 = 5*k, -6*b = -4*k - 3*b + 1. Calculate the remainder when (z + 1)*(-29 - k) is divided by 16.
14
Let y be (-68)/(-18) - 2/(-9). Suppose -4 = -y*g + 3*g. Let m = g - 2. Calculate the remainder when 5 is divided by m.
1
Suppose -b - 1120 = -5*w, -2*w - 4*b - 3 = -473. Suppose 2*z - 3*h = 157 + 6, 2*h = -3*z + w. Calculate the remainder when z is divided by 26.
25
Let v(i) = -i**3 + 11*i**2 + i - 9. What is the remainder when 12 is divided by v(11)?
0
Suppose s = 58 + 63. Calculate the remainder when s is divided by 41.
39
Let q = -1 + 12. Calculate the remainder when 18 is divided by q.
7
Let p(l) = -10*l**3 + 3*l**2 + 3*l. What is the remainder when p(-2) is divided by 9?
5
Suppose -25 = -3*w + 20. Calculate the remainder when w is divided by 8.
7
Let w(t) = t**3 - 5*t**2 + t + 6. Let g be w(5). Suppose 0 = -5*q - 3*d + 73, 2*q + 5*d - 22 - g = 0. Calculate the remainder when q is divided by 4.
2
Suppose -3*h = -39 - 0. Suppose -7*m + 13 = -3*m + 3*x, m + x = 2. What is the remainder when h is divided by m?
6
Calculate the remainder when 54 is divided by 112/(-12)*3/(-2).
12
What is the remainder when 29 is divided by 25*(2 - 8/5)?
9
Let b = 8 - 6. Calculate the remainder when b is divided by 4/(-4 - -5) + -2.
0
Let a be (-4)/(-14) + 33/7. Suppose a*b - 2*z = 141, 18 = b - 5*z - 24. Calculate the remainder when b is divided by 7.
6
Suppose -2*y + 20 = 2*y. Suppose -y = -0*f - f. Suppose 5*c - 39 = 2*c + 3*m, f*c - 59 = 2*m. Calculate the remainder when 43 is divided by c.
10
Let r = -91 - -185. Calculate the remainder when r is divided by 24.
22
Let t(f) = 2*f**2 + 7*f + 10. Let b(p) = 3*p - 15. Calculate the remainder when t(-7) is divided by b(10).
14
Let q = -7 + 3. Let n(f) = -f**3 - 4*f**2 - 7*f - 5. Calculate the remainder when n(q) is divided by 6.
5
Suppose 0 = 3*c - 3*l - 171, -4*c - 3*l = 178 - 441. What is the remainder when 121 is divided by c?
59
Suppose 0 = i + 5*h - 5, i - 4*i = 5*h - 25. What is the remainder when 39 is divided by i?
9
Let h(q) = 3*q**3 - 2*q**3 - 2 - 4*q**2 + q**2. Calculate the remainder when 40 is divided by h(4).
12
Let a(o) = 9*o + 2. What is the remainder when 97 is divided by a(2)?
17
Let u(r) = -r + 6. Let n be u(-9). Suppose 2*x - 7 - n = 0. What is the remainder when 31 is divided by x?
9
Let q(w) = -w**3 - 6*w**2 - 8*w - 7. Let i be 1*-1*30/6. What is the remainder when 31 is divided by q(i)?
7
Suppose -6*k + 55 = -k. What is the remainder when k is divided by 3?
2
Calculate the remainder when 27 is divided by (-17 - -2)/((-9)/6).
7
Calculate the remainder when 151 is divided by -5 + 1/1 + 42.
37
Suppose 3*g - g = 0. Suppose g*p + 2*p - 6 = 0. Calculate the remainder when 3/1 - (-3 + p) is divided by 2.
1
Suppose -3*l - l = -8. Suppose l*x - 17 = 45. What is the remainder when x is divided by 11?
9
Calculate the remainder when ((-105)/12)/(5/(-40)) is divided by 18.
16
Let k = -5 - -13. Let u be (9/(-12))/((-2)/(-16)). What is the remainder when (k/3)/(-4)*u is divided by 2?
0
Let v be ((-36)/(-8))/((-6)/(-8)). Suppose -4*y + 8 = -2*j, -v*j - 9 = -j + y. Let o = 4 + j. Calculate the remainder when 3 is divided by o.
1
Suppose 4*u + 15 = 5*u - n, -4*u - 3*n + 39 = 0. Calculate the remainder when 44 is divided by u.
8
Let q(g) = -g**3 + 0*g**3 + 0*g**3 + 5*g + 2*g**3 - 11 - 7*g**2. What is the remainder when q(7) is divided by 9?
6
Let i be (3/(-2))/((-2)/4). Suppose 2 = 2*s - 0. Suppose -26 = -i*d + s. Calculate the remainder when 25 is divided by d.
7
Suppose -86 = -4*f - 5*d, 6*f - 122 = f + d. Calculate the remainder when 47 is divided by f.
23
Suppose 8 + 0 = 4*s. Suppose -3 = -s*p + 1, -10 = -f - 5*p. Suppose f = m - 8 - 3. What is the remainder when m is divided by 4?
3
Suppose -3*n = -4*n + 5. Suppose x + 20 = n*x. Let b = 14 - x. Calculate the remainder when 17 is divided by b.
8
Suppose 0 = -3*g - 3*u + 24, -2 = -u - u. What is the remainder when g is divided by 5?
2
Calculate the remainder when (-1)/(-3)*(27 - -6) is divided by 3.
2
Suppose -73 + 157 = 3*b. Calculate the remainder when b is divided by 8.
4
Suppose 0 = -3*h - h + 144. Suppose d - h = -2*d. Calculate the remainder when 46 is divided by d.
10
Let z = 163 + -93. Let m = z - 45. Calculate the remainder when m is divided by 9.
7
Let b = 19 - 11. Let m = b + -5. Let w = 0 + 4. Calculate the remainder when w is divided by m.
1
Let g = 74 + -64. Calculate the remainder when 67 is divided by g.
7
Let t = 5 + -2. Let v = t - -3. Suppose -v*x + 38 = -x + 2*p, -2*x = 4*p - 12. What is the remainder when 22 is divided by x?
6
Calculate the remainder when 41 is divided by (-96)/(-7) - 2/(-7).
13
Let v = 75 - 42. Let c = v - 16. Let z(w) = 2*w**2 + 1. Calculate the remainder when z(4) is divided by c.
16
Let o(d) = -d**3 + 7*d**2 + 3*d - 4. What is the remainder when 50 is divided by o(7)?
16
Let c be 129 + 1 - (-1 + 2). Suppose 3 = -v + c. Calculate the remainder when v is divided by 32.
30
Let p = -15 + 19. Suppose 3*g + 3*f = 30, -p*g + 2*f = f - 15. What is the remainder when 12 is divided by g?
2
What is the remainder when 44 is divided by 18 - 1 - 6*3/18?
12
Suppose -4*o - o - 8 = h, -4*h + 5*o = -43. Calculate the remainder when h is divided by 7.
0
Let w = 10 + -6. Suppose a - n + 1 = 0, 2*n - 8 = -3*a + 4. Calculate the remainder when 7/w + (-5)/(-20) is divided by a.
0
Let n = -2 + 4. What is the remainder when 4 is divided by n/(-2) - (0 + -4)?
1
Calculate the remainder when 11 is divided by 9 - (-3)/(-6)*6.
5
Let z(v) = v**2 + 8*v + 4. Let b(r) = -2*r - 8. Let l 